e factors of q.
2, 3, 11
Let h = -102 + 105. Suppose 18*v = -h*v + 5082. List the prime factors of v.
2, 11
Let z = 19 - 17. Suppose -2*y - 7 - 31 = -z*f, f = -5*y + 25. What are the prime factors of f?
2, 5
Suppose -4*v + 5*s - 2 = 0, 3*v - s + 5*s + 17 = 0. What are the prime factors of (-52)/(-16) - v/4?
2
Let j(y) = 4*y**3 + 11*y**2 - 5*y - 11. Let z(l) = -9*l**3 - 21*l**2 + 9*l + 21. Let k(i) = 7*j(i) + 3*z(i). List the prime factors of k(-14).
2, 7
Let x = -62 - -96. Suppose 27 = c - x. List the prime factors of c.
61
Let j(f) = 129*f**2 + 4*f + 1. List the prime factors of j(-1).
2, 3, 7
Let a(d) = 156*d - 40. What are the prime factors of a(5)?
2, 5, 37
Suppose 21*a - 19899 + 6942 = 0. List the prime factors of a.
617
Let b be (-324)/5 - (-3)/(-15). List the prime factors of (-429)/b*(2 + 3).
3, 11
Suppose 5*v + 0*v - 2868 = -2*w, -5*w + 20 = 0. List the prime factors of v.
2, 11, 13
Suppose -4*x - 59 = -67. Suppose -p + 1 = -3. What are the prime factors of x*(-2)/p*-46?
2, 23
Let a(n) be the first derivative of -5*n**2/2 - 17*n + 32. What are the prime factors of a(-22)?
3, 31
Let z(j) = j**2 + 4*j + 9 + 10*j - 25*j. List the prime factors of z(16).
89
Let g be (-10)/(-6) + 6/18. Suppose -g*k = 3*k - 30. Let o(h) = 5*h - 15. What are the prime factors of o(k)?
3, 5
Suppose -4*m - 674 = 5*x - 2560, 3*x + 1428 = 3*m. List the prime factors of m.
2, 3, 79
Suppose 2*d = 4*k - 10076, 3*d + 2509 = -80*k + 81*k. List the prime factors of k.
2521
Let n(k) = -k**3 - 7*k**2 + 7*k + 1. Let d be n(-8). Suppose 3*i - 6 - d = 0. Suppose 0 = q - 0*m - 2*m - 37, -4*q = i*m - 148. List the prime factors of q.
37
Suppose -2*g + 3*a - 6 = 0, g + 4*g + 4*a - 31 = 0. List the prime factors of (-29)/(-6)*2 - (-1)/g.
2, 5
Let p = -71 - -86. Suppose p*g - 712 = 2003. What are the prime factors of g?
181
Suppose -5*j - 790 = -4*y, -3*j = 4*y - 294 - 480. List the prime factors of y.
3, 5, 13
Let u = -982 + 1894. List the prime factors of u.
2, 3, 19
Let f = 328 + -322. What are the prime factors of f?
2, 3
Suppose -5*w - 2*c = -12, c = -w - 4*c - 16. Suppose 4*j = 3*x - 410, -j = -w*x + 3*j + 552. List the prime factors of x.
2, 71
Let j be (1 - 2 - -4) + -3. Suppose 5*s - 475 = -j*s. List the prime factors of s.
5, 19
Suppose 4*d = 3*d + 3. Let a be -3*(-4 + (d - 1)). List the prime factors of 140/a*6/5.
2, 7
Let r(y) = -y**2 - 3*y + 12. Let f be r(-5). Suppose -f*p = 0, -4*v - 40 = -5*p - 172. List the prime factors of v + 0 + (-6)/(-2).
2, 3
Suppose -4*o + 365 + 408 = -3*z, -5*o = 2*z - 972. What are the prime factors of o?
2, 97
Suppose -2 = -5*y + 8. Suppose 4*o = -y*n + 334, -5*n = 4*o - 0*o - 337. What are the prime factors of o?
83
Let p = -27 - -30. Suppose 5*f - 509 = -3*x, f - 3*x + 200 = p*f. List the prime factors of f.
103
Suppose 0 = 105*u - 7*u - 297724. What are the prime factors of u?
2, 7, 31
Suppose 0 = 2*t - 4*j - 70, 50 = 2*t - 2*j + 3*j. Let a = t + -27. Suppose 7*s - 154 - 21 = a. List the prime factors of s.
5
Let f(n) = -n**3 - 6*n**2 - n - 3. Let b be f(-6). Suppose -2*i = -g - 95, 3*g = -2*i + 5*g + 98. Suppose -b*d + 92 = -i. What are the prime factors of d?
2, 23
Suppose -5*v + 10 = 3*t, t + 10 = 3*v + 2*v. Let r(q) = 2*q + 1. Let h be r(v). Suppose 29 = h*f - 2*g, 4*g - 2 = -5*f + 3*f. List the prime factors of f.
5
Suppose -5*n = -3*n - 8. Suppose -3*w + 8*w - 22 = 4*q, 2*q = -w - n. What are the prime factors of (-198)/q - 0/5?
2, 3, 11
Suppose 21*x = 10*x + 2376. List the prime factors of x.
2, 3
Suppose 33*p - 8 = 31*p. List the prime factors of 10395/108 + (-1)/p.
2, 3
Suppose 4*v = -4*q + 10268, 1557 = -2*q - 5*v + 6676. List the prime factors of q.
2, 643
Suppose -2*t + 19 = -57. Suppose 4 = o - t. Suppose -2*a = 5*u - o, u + a = 4*u - 34. What are the prime factors of u?
2, 5
Let y = 670 + 216. Let u = -624 + y. List the prime factors of u.
2, 131
Let d(r) = -r**3 - 2*r**2 - 2. Let h be d(-3). Let a be (h - 11) + (-4)/1. What are the prime factors of a*8/((-4)/1)?
2
List the prime factors of (-376)/(19/(-95)*(-2)/(-2)).
2, 5, 47
Let i(a) be the first derivative of a**3/3 + 2*a**2 + 18*a + 19. List the prime factors of i(-5).
23
Let l be (-1 - 0) + 1*21. Let w(k) = -k**2 - 18*k - 44. Let n be w(-15). Let u = l + n. What are the prime factors of u?
3, 7
Let f(m) = m**3 + 14*m**2 - 5*m - 29. Suppose 24 = -i - 5*l, 3*l = 7*l + 8. What are the prime factors of f(i)?
41
Let b = 62 + -62. What are the prime factors of (179 - 7) + (b - 4)?
2, 3, 7
Let t be ((-65)/2)/(1/(-2)). Let n be 13/t - (-42)/(-10). What are the prime factors of (-4 + 3)*120/n?
2, 3, 5
Suppose -5*w - 72 = -9*w. Suppose 3*j = 4*b + 2 - 6, 0 = -4*j + 3*b - 10. What are the prime factors of j + w + 4 + -5?
13
Suppose -5*d + 57 = -13. Let r(j) = -14*j - 24. Let u(i) = 8*i + 11. Let b(l) = -3*r(l) - 5*u(l). List the prime factors of b(d).
3, 5
Suppose -5*r = -2*l - 2844, -r + 2*l - 7*l + 558 = 0. List the prime factors of r.
2, 71
Suppose 0 = -5*y - 5*o + 205, -o + 3*o + 98 = 2*y. List the prime factors of 2*(y/6 - -3).
3, 7
Let j = 0 - -2. Suppose -j*v + 4*m - 3*m - 4 = 0, 0 = -4*v - 4*m + 16. Suppose -4*t + v*k + 72 = k, 0 = -t + 2*k + 27. List the prime factors of t.
19
Let d = -2 - -4. Suppose 3*n + b + d*b = -6, -n = -2*b - 10. List the prime factors of (0 - n/(-2)) + 6.
7
Suppose 11*l - 1460 = -30. What are the prime factors of l?
2, 5, 13
Let r(o) = 154*o**3 - 2*o**2 + 8. List the prime factors of r(2).
2, 7, 11
Let u(n) = n**2 - 10*n + 27. Let p be u(4). Suppose 0 = p*t + 164 - 749. What are the prime factors of t?
3, 5, 13
Let m = -1441 - -1602. List the prime factors of m.
7, 23
Let p = -53 + 430. List the prime factors of p.
13, 29
Let d(n) = -1 + 27*n - 15*n + 12 + 25*n. What are the prime factors of d(5)?
2, 7
List the prime factors of (-1604 - -3)/(-2 - -1).
1601
Suppose -5*u + 27 = -103. Let h be 51/15 + 4/(-10). Suppose -h*a + 1 + u = 0. What are the prime factors of a?
3
Let t(r) = 25*r**2 + r + 1. Suppose 3*a - 6*a - 21 = 0. Let f = a + 6. What are the prime factors of t(f)?
5
Let b(a) be the third derivative of a**5 + a**4/2 + a**3/2 - 9*a**2. What are the prime factors of b(-2)?
3, 73
Let j(n) = -2*n**3 + 11*n**2 + 10*n + 4. Let a(r) = -6*r**3 + 32*r**2 + 29*r + 12. Let q(l) = -6*a(l) + 17*j(l). What are the prime factors of q(5)?
101
Let m be ((-6)/(-4))/(2/(-124)). Let y be ((-20)/(-30))/((-2)/m). Let n = 43 - y. List the prime factors of n.
2, 3
Let t = -12 + 18. List the prime factors of 2/(-1 + 9/t).
2
Let v(h) = h**3 - 11*h**2 - 30*h - 10. Let m be v(13). Let i = m + 107. List the prime factors of i.
3, 5
Suppose 9 - 13 = -t. Let d be (-260)/8*t/5. Let y = d - -31. List the prime factors of y.
5
Let x be (-12 + 18)*8/6. Suppose q = -4*q - y + 492, -4*y = -x. Suppose q - 24 = 2*k. What are the prime factors of k?
37
Let l be (3/2)/3*6. Suppose 0 = -5*q, -3*z - l*q + 10 + 20 = 0. Suppose -7*n + 5*n = -z. List the prime factors of n.
5
Let a = -10 - -12. Suppose -3*u = -a*u. What are the prime factors of 14 - (4 - (1 - u))?
11
Suppose -4*t - 4*g = 20, 2*g + 1 = -t - 9. Let w(b) = 2*b + 72. What are the prime factors of w(t)?
2, 3
Let p(m) = -m**2 + 8*m. Let l be p(6). Let h = l - 9. Suppose 29 = 5*y - 3*c, -h*c + 6*c = 6. List the prime factors of y.
7
Let o(l) = -l**2 + 7*l - 16. Let w be o(13). List the prime factors of (-90)/(w/(-20) - 5).
2, 3, 5
Suppose w = -5*c + 7, -15 = -5*w + 2*c - 7*c. Suppose w*f = f + 115. Suppose -6*j = -j - f. List the prime factors of j.
23
Let d = 2946 + -1296. What are the prime factors of d?
2, 3, 5, 11
Let c(d) = -7*d + 813. What are the prime factors of c(0)?
3, 271
Let l(s) = s**2 - s - 5. Let u be l(3). List the prime factors of 64 + u/(-5)*0.
2
Let h(p) = p**2 - 7*p. Let n be h(7). Suppose -32 = -5*x - 3*v + 121, 3*x - 2*v - 88 = n. List the prime factors of x.
2, 3, 5
Suppose 0 = 4*f - 4*b - 680, -2*f + 0*f = b - 337. Suppose -3*a - f = -3*w - w, a - 143 = -3*w. List the prime factors of w.
2, 23
Let a = 122 + 82. Suppose 2*h + 2*k = a, 0 = h - 0*h + 2*k - 97. List the prime factors of h.
107
Let u = 7 - 7. Suppose -35*s + 29*s + 1254 = u. List the prime factors of s.
11, 19
Let j = 21 - 17. Let g be (-88)/(-6)*3/2. Suppose -18 = -j*i + g. List the prime factors of i.
2, 5
Let j(x) = x - 4. Le